 3*r**2 - 4*r - 2. Let s be q(-5). Let b = p - s. Determine k(b).
2
Suppose 3*t = 6, h + 2*t - 1 - 6 = 0. Let x(g) be the second derivative of g**3/3 + g**2 + 266*g. Determine x(h).
8
Let b(u) = -u - 19. Let d(l) = l**3 - 3*l**2 - 4*l - 3. Let h be d(-2). Determine b(h).
-4
Let c(k) = -111*k - 103*k + 219*k + 9 + 6. Give c(-4).
-5
Suppose 4*i + 24 = 6*i. Let w(o) = -21*o - o**2 + 4 - i*o + 34*o. What is w(0)?
4
Let s(w) be the first derivative of 4*w + 1/2*w**2 - 16. Determine s(-6).
-2
Let y be (3 + 7/(-2))*0. Suppose 5*b - 2*b - 3 = y. Let p(n) = 4*n - 8 + b + n**3 + 2 + 6*n**2 - 1. Give p(-5).
-1
Suppose 4*h - y = -12, -4*h - 4 = 26*y - 29*y. Let a(t) = 2*t + 2. What is a(h)?
-6
Let x(a) be the third derivative of a**4/2 + 2*a**3/3 - 17*a**2. Let u(i) = -19*i - 6. Let f(k) = 5*u(k) + 8*x(k). Let c be ((-2)/4 + -1)*-2. What is f(c)?
5
Let h(m) = -5*m - 4. Let q = 11 + -12. Let z = q - 2. What is h(z)?
11
Let q(u) = 3*u**2 - 9*u + 2. Let s(v) = -v**2 + 27*v - 148. Let k be s(8). What is q(k)?
14
Let n(l) = -4*l**3 - l - 1. Let d be n(-1). Suppose d*h + 12 = 2*h. Let m = h + -1. Let r(w) = w**2 + 7*w - 5. What is r(m)?
-5
Let w(u) be the second derivative of u**4/12 - 5*u**3/6 - 5*u**2/2 - u. Suppose -5*j = -5*t - 9 + 29, 4*j = -t + 14. What is w(t)?
1
Let i be (6*-5)/5*(-21 + 0). Let j be -1*7*(-36)/i. Let l(d) be the third derivative of d**4/6 - d**3/3 - d**2. Determine l(j).
6
Let j be 1/(-3 - 7/(-2)). Suppose 14 = 4*q + 2*k, 5*q - 12 - j = k. Let v(a) = 0*a + 0 + 3*a - 2 - 2*a**2. Calculate v(q).
-11
Let q(a) be the third derivative of a**5/60 + a**4/6 - a**2 + 55. What is q(-3)?
-3
Let d be (-2)/(-6) + (-3)/9. Let p(f) = -22 + 0*f + 18 + 5*f - 6*f. Calculate p(d).
-4
Let p(f) = -f**3 - 3*f**2 + 4*f + 2. Let i be p(-4). Suppose -4*g = m, -g - m + 5 = i. Let j(b) = -11*b**2 - b. Give j(g).
-10
Let t(r) = 2*r**3 - 2*r**2 + 2*r - 1. Suppose 5*h = -4*u - 10, -19 = 3*h + 5*u - 0*u. Determine t(h).
11
Let k be 3 - 4/24*-6. Let o(g) = g**2 - 6*g + 3. Determine o(k).
-5
Suppose i + 0*i - 2 = -q, -i + 5*q = -32. Let d(t) = -t**3 + 8*t**2 - 5*t + 8. Calculate d(i).
22
Let r(l) = -l**2 + 3*l + 7. Let d be r(6). Let y(t) = -t + 1. Let f(s) = -5*s + 5. Let j(g) = d*y(g) + 2*f(g). Give j(-6).
-7
Let q(f) = 74*f**3 - 214*f**3 + 66*f**3 + 75*f**3 + 3*f**2 - 4*f - 1. Give q(-4).
-1
Let a(w) = w**3 + 5*w**2 - w - 2. Suppose -6*j = -7*j + 8. Suppose 5*d = -0*d + 35. Suppose -3*y - d = j. Give a(y).
3
Let c(x) = 8*x. Let a(s) = 9*s. Let y(v) = -4*a(v) + 5*c(v). Let q be (-19)/5 + ((-38)/(-10) - 4). Give y(q).
-16
Let n(j) be the second derivative of 1/2*j**3 + 0 - 4*j - 3/2*j**2 - 1/12*j**4. Let l = 7 - 4. Determine n(l).
-3
Let l = -30 + 24. Let h(r) be the third derivative of -r**6/120 - r**5/12 + r**4/6 - 5*r**3/6 + 4*r**2. What is h(l)?
7
Suppose 7 = -3*h + 5*k, -8 = 121*h - 124*h + 2*k. Let b(w) be the third derivative of w**5/60 - 7*w**4/24 + 7*w**3/6 + w**2. Give b(h).
1
Let n be 0 - ((3 - -4) + -5)*-2. Let z(h) be the second derivative of -h**2 + 0 + 2/3*h**3 - 6*h + 1/12*h**n. What is z(-5)?
3
Let w be (-3 - -1)*-2 + 2. Suppose -4*v - 5*u = -22 - w, v - 7 = -4*u. Let c(y) = -1 + 5*y**2 - 3 + v - 4*y**2. What is c(0)?
3
Let m = -46 - -51. Let f(c) = -2*c + 7. What is f(m)?
-3
Let v(o) be the first derivative of o**3/2 + 3*o**2/2 + 8*o + 15. Let u(w) be the first derivative of v(w). Calculate u(-3).
-6
Let m(n) = 3*n**3 - 2*n**2 - 2*n + 1. Let h = -1200 - -1198. Determine m(h).
-27
Let q(v) be the second derivative of -v**5/30 - v**4/8 + v**3/6 - 10*v**2 - 42*v. Let y(p) be the first derivative of q(p). Determine y(-3).
-8
Let u(s) be the third derivative of -s**6/120 + s**5/10 + s**4/12 - s**3 + s**2. Suppose -359*m - 18 = -362*m. Calculate u(m).
6
Let i = -6 + 6. Suppose i = 6*k - 2*k. Let g(j) = 4 + 1 + j + k + 0. Give g(-3).
2
Let q(f) be the third derivative of f**6/120 + f**5/30 + f**4/6 + f**3/3 + 118*f**2. Determine q(-3).
-19
Let m(t) = -43*t**2 + t**3 - 8*t + 18 - 4 + 38*t**2. Calculate m(6).
2
Let b(o) be the third derivative of -o**5/60 + o**4/6 - o**3/6 - o**2. Let w(r) = -r**3 - 2*r**2 + 2*r - 1. Let p be w(-4). Suppose g = -19 + p. What is b(g)?
-1
Suppose 3*y - 5*s + 0*s - 50 = 0, -3*s = 12. Let b be (y/15)/(-1)*3. Let z(t) = 2*t + 1. Give z(b).
-3
Let r(x) = -4*x - 3. Let z(u) = -u + 7. Let g be z(-7). Let p = g + -14. Suppose -2 = -7*s + 3*s + 2*i, -s - 2*i - 12 = p. What is r(s)?
5
Let d(x) = -x**3 + 5*x**2 + 5*x. Suppose 0 = -4*i - 5*i + 180. Let r(h) = h**3 - 19*h**2 - 19*h - 14. Let u be r(i). Calculate d(u).
-6
Let o be ((-8)/(-26))/((-105)/(-1365)). Let h(k) = k**3 - 5*k**2 - 4*k + 9. Calculate h(o).
-23
Let i(a) be the second derivative of a**3/2 + 69*a**2/2 - 71*a. Determine i(-20).
9
Let r be 2*(-3)/((-288)/40). Let l(d) be the second derivative of 0 - d + 5/2*d**2 - 1/12*d**4 - r*d**3. Determine l(-6).
-1
Let i(z) = 2*z**3 + 3*z - 1 - 5*z + z**3 - 2*z**3. Let k = 7 + -5. Give i(k).
3
Let i be (2 - -3 - 2) + 2. Suppose -j = g + 1, 5*j = i*g - 2*g - 5. Suppose g = 5*n - 10*n - 30. Let v(q) = -q**2 - 9*q - 9. What is v(n)?
9
Let t(m) be the second derivative of -m**2 - 1/20*m**5 + 1/3*m**4 + 0 + 1/3*m**3 - 7*m. Determine t(5).
-17
Suppose -783*k + 20 = -787*k. Let b(l) = -3*l - 1. What is b(k)?
14
Let l = 900 - 907. Let q(t) = t**3 + 6*t**2 - 6*t - 5. Calculate q(l).
-12
Let h(n) = 17 - 22 - 8*n - 10 + 2*n**2 - n - 3*n**2. What is h(-7)?
-1
Let l(u) = -23 + 29*u + 7 - 62*u + 31*u. Determine l(-9).
2
Let w(x) = -x + 5. Let i be w(-14). Let r = 20 - i. Let s(f) = -5*f. Give s(r).
-5
Let r(j) = j**2 + 5*j - 5. Let o(h) = -5*h + 20. Let m(k) = -k. Let w(z) = 2*m(z) - o(z). Let t be w(5). Determine r(t).
-5
Let g(a) be the third derivative of -a**6/60 - a**5/15 + 2*a**3/3 - 69*a**2 - a. Calculate g(-2).
4
Let i(o) be the second derivative of -o**4/12 - 13*o**3/6 + 7*o**2/2 + 64*o. Determine i(-12).
19
Let a(m) be the second derivative of -m**4/12 - m**3/2 + m**2/2 - 8*m - 4. Calculate a(-5).
-9
Let u(a) be the second derivative of a**4/12 - 8*a**3/3 + 17*a**2/2 - 4*a + 35. Determine u(15).
2
Let u(w) = w**3 - 12*w**2 + 17*w + 32. Let p be u(10). Let s(z) = -2*z**3 + z**2 - 2*z + 2. Calculate s(p).
-14
Suppose -5*c = 4*m - 14, -2*m - 12 = -5*c + 26. Let n(z) = -z**2 + z + 3. Suppose -35 = -4*q - 43. Let f(y) = -y**2 + 3. Let k(x) = q*f(x) + 3*n(x). Give k(c).
-15
Let v = -10 - -18. Let g = -6 + v. Let o(b) = g*b**2 + 14*b - 6*b - b**2 + 1. Calculate o(-7).
-6
Let m = -70 + 88. Let b = m + -26. Let p(h) = h**2 + 7*h - 4. Give p(b).
4
Let q(o) be the third derivative of -o**4/24 - 8*o**3/3 - 16*o**2 - 2*o. Give q(0).
-16
Let r(n) be the second derivative of -n**5/60 - n**4/6 + 15*n**2/2 - 5*n. Let q(m) be the first derivative of r(m). Determine q(-5).
-5
Let h(p) = -3*p - 2 + 78*p**2 + 81*p**2 - 160*p**2 + 14*p + p. Determine h(10).
18
Let a(c) = -c**3 - 4*c**2 + 12*c. Let z be 48/(-18)*3*(-3)/(-4). Let m be a(z). Let x(h) = 4*h - 3*h - 3 + 20. What is x(m)?
17
Let t(h) = h**3 + 5 + 4 + 2*h - 5*h - 8. Let s(i) = -i**2 + 4*i + 7. Suppose -l - 25 = -6*l. Let m be s(l). Determine t(m).
3
Let a be 0*-1*(3 + -2). Let q = 29 - 27. Let b(r) = -5 + r**q - 16 + 4. Give b(a).
-17
Let l(g) = -g**2 + g. Let p be (3/(-6))/(399/(-402) + 1). Let m = p - -67. Give l(m).
0
Let l(d) = d**2 + 8*d - 8. Let h be l(-8). Let c(i) be the third derivative of -i**5/60 - 3*i**4/8 - i**3 + 7*i**2. What is c(h)?
2
Let u(w) be the second derivative of w**4/12 + w**3 - 7*w**2/2 + 63*w. Give u(-8).
9
Let a(d) = d. Suppose 0 = 9*h - 10*h - 10. Let w = h + 9. Let g(f) = f**2 + 9*f - 6. Let r(m) = w*g(m) + 4*a(m). Give r(-5).
6
Suppose 3*y + 8 = -4*j, -3*j + 178 - 167 = -2*y. Let t(s) = -4*s**2 - 12*s + 5. Determine t(y).
-11
Suppose 3*x + 52 = 5*t, -t = -5*x + x - 24. Let w(q) = -q - 8. Give w(t).
-16
Let q be (1/(-5))/((-6)/30). Let x(w) = 2*w**3 + w**2 - 2*w + 1. Let s be x(q). Let f be 7/s - (-5)/10. Let l(m) = -m**3 + 3*m**2 + 2*m + 2. Give l(f).
-6
Let c(g) be the third derivative of -g**4/8 - 11*g**3/2 + 123*g**2. Determine c(-10).
-3
Let z(l) = l**3. Suppose -3*x + 4*x = 1. Let b(d) = 3*d**3 + 2*d**2 + 3*d + 4. Let t(m) = x*b(m) - 4*z(m). Calculate t(4).
-16
Let x(h) be the second derivative of -h**5/20 + 2*h**4 - 4*h**3 + 14*h**2 + 3*h + 41. Determine x(23